{"id":2,"date":"2022-08-09T02:19:11","date_gmt":"2022-08-09T02:19:11","guid":{"rendered":"https:\/\/the-wallden.com\/?page_id=2"},"modified":"2022-08-12T19:08:31","modified_gmt":"2022-08-12T19:08:31","slug":"jenny","status":"publish","type":"page","link":"https:\/\/the-wallden.com\/","title":{"rendered":"Jenny"},"content":{"rendered":"\n<div class=\"wp-block-media-text alignwide is-stacked-on-mobile is-image-fill is-style-rounded\" style=\"grid-template-columns:24% auto\"><figure class=\"wp-block-media-text__media\" style=\"background-image:url(https:\/\/the-wallden.com\/wp-content\/uploads\/2022\/08\/32978819_10156266480492310_4123395515872182272_n-300x300.jpg);background-position:49% 96%\"><img loading=\"lazy\" width=\"300\" height=\"300\" src=\"https:\/\/the-wallden.com\/wp-content\/uploads\/2022\/08\/32978819_10156266480492310_4123395515872182272_n-300x300.jpg\" alt=\"\" class=\"wp-image-16 size-medium\" srcset=\"https:\/\/the-wallden.com\/wp-content\/uploads\/2022\/08\/32978819_10156266480492310_4123395515872182272_n-300x300.jpg 300w, https:\/\/the-wallden.com\/wp-content\/uploads\/2022\/08\/32978819_10156266480492310_4123395515872182272_n-1019x1024.jpg 1019w, https:\/\/the-wallden.com\/wp-content\/uploads\/2022\/08\/32978819_10156266480492310_4123395515872182272_n-150x150.jpg 150w, https:\/\/the-wallden.com\/wp-content\/uploads\/2022\/08\/32978819_10156266480492310_4123395515872182272_n-100x100.jpg 100w, https:\/\/the-wallden.com\/wp-content\/uploads\/2022\/08\/32978819_10156266480492310_4123395515872182272_n.jpg 1079w\" sizes=\"(max-width: 300px) 100vw, 300px\" \/><\/figure><div class=\"wp-block-media-text__content\">\n<p>Hej, Jenny heter jag, jag har hittat denna underbara, hobbyn scrap booking, jag gillar att pyssla, \u00e5h inte bara med scrap-booking. Har \u00e4ven ett intresse f\u00f6r att virka, g\u00f6ra om m\u00f6bler, \u00e5terbruka saker. s\u00e5 \u00e4ven det kan komma upp h\u00e4r p\u00e5 hemsidan. Simmar och testar \u00e4ven p\u00e5 skytte, vilket kan ta upp lite tid. Men kommer l\u00e4gga upp min tid, vid framtida best\u00e4llningar p\u00e5 s\u00e5 bra s\u00e4tt som m\u00f6jligt.<\/p>\n\n\n\n<p>Hoppas vi ses h\u00e4r inne!  <\/p>\n<\/div><\/div>\n\n\n\n<p>It&#8217;s different from a blog post because it will stay in one place and will show up in your site navigation (in most themes). Most people start with an About page tha introduces them to potential site visitors. It might say something like this:<\/p>\n\n\n\n<blockquote class=\"wp-block-quote\"><p>Hi there! I&#8217;m a bike messenger by day, aspiring actor by night, and this is my website. I live in Los Angeles, have a great dog named Jack, and I like pi\u00f1a coladas. (And gettin&#8217; caught in the rain.)<\/p><\/blockquote>\n\n\n\n<p>&#8230;or something like this:<\/p>\n\n\n\n<blockquote class=\"wp-block-quote\"><p>The XYZ Doohickey Company was founded in 1971, and has been providing quality doohickeys to the public ever since. Located in Gotham City, XYZ employs over 2,000 people and does all kinds of awesome things for the Gotham community.<\/p><\/blockquote>\n\n\n\n<p>As a new WordPress user, you should go to <a href=\"https:\/\/the-wallden.com\/wp-admin\/\">your dashboard<\/a> to delete this page and create new pages for your content. Have fun!<\/p>\n","protected":false},"excerpt":{"rendered":"<p>Hej, Jenny heter jag, jag har hittat denna underbara, hobbyn scrap booking, jag gillar att pyssla, \u00e5h inte bara med scrap-booking. Har \u00e4ven ett intresse f\u00f6r att virka, g\u00f6ra om m\u00f6bler, \u00e5terbruka saker. s\u00e5 \u00e4ven det kan komma upp h\u00e4r p\u00e5 hemsidan. Simmar och testar \u00e4ven p\u00e5 skytte, vilket kan ta upp lite tid. Men [&hellip;]<\/p>\n","protected":false},"author":1,"featured_media":0,"parent":0,"menu_order":0,"comment_status":"closed","ping_status":"closed","template":"","meta":{"om_disable_all_campaigns":false,"_monsterinsights_skip_tracking":false,"_monsterinsights_sitenote_active":false,"_monsterinsights_sitenote_note":"","_monsterinsights_sitenote_category":0},"aioseo_notices":[],"_links":{"self":[{"href":"https:\/\/the-wallden.com\/index.php\/wp-json\/wp\/v2\/pages\/2"}],"collection":[{"href":"https:\/\/the-wallden.com\/index.php\/wp-json\/wp\/v2\/pages"}],"about":[{"href":"https:\/\/the-wallden.com\/index.php\/wp-json\/wp\/v2\/types\/page"}],"author":[{"embeddable":true,"href":"https:\/\/the-wallden.com\/index.php\/wp-json\/wp\/v2\/users\/1"}],"replies":[{"embeddable":true,"href":"https:\/\/the-wallden.com\/index.php\/wp-json\/wp\/v2\/comments?post=2"}],"version-history":[{"count":14,"href":"https:\/\/the-wallden.com\/index.php\/wp-json\/wp\/v2\/pages\/2\/revisions"}],"predecessor-version":[{"id":73,"href":"https:\/\/the-wallden.com\/index.php\/wp-json\/wp\/v2\/pages\/2\/revisions\/73"}],"wp:attachment":[{"href":"https:\/\/the-wallden.com\/index.php\/wp-json\/wp\/v2\/media?parent=2"}],"curies":[{"name":"wp","href":"https:\/\/api.w.org\/{rel}","templated":true}]}}